
-9
Let c(r) = r**2 - 25*r + 79. Give c(17).
-57
Let b(s) = -s**3 - 11*s**2 - 17*s - 77. What is b(-10)?
-7
Let p(g) = 4*g**2 + 779*g - 957. Give p(-196).
23
Let w(h) = 37*h + 120. Give w(-14).
-398
Let b(q) = 4183*q - 16675. Determine b(4).
57
Let c(u) = -151*u**2 + 306*u - 2. Give c(2).
6
Let x(p) = p**3 + 155*p**2 + 293*p - 1972. Calculate x(-153).
17
Let o(d) = d**2 - 78*d + 205. Determine o(76).
53
Let p(j) = -15*j - 289. Give p(-12).
-109
Let z(q) = q**3 + 3*q**2 - 280*q + 153. Give z(15).
3
Let u(r) = r**3 + 2*r**2 - 21*r - 5. Give u(0).
-5
Let d(v) = -v**3 - 13*v**2 - 26*v - 85. Determine d(-11).
-41
Let n(f) = 172*f - 676. What is n(4)?
12
Let d(g) = -211*g - 1050. Give d(-5).
5
Let p(j) = -20*j - 616. Calculate p(-31).
4
Let j(r) = r**3 + 8*r**2 + 45*r + 118. What is j(-5)?
-32
Let z(k) = -k**3 - k**2 + 92*k + 68. Give z(0).
68
Let b(v) = -304*v + 30407. What is b(100)?
7
Let n(r) = 51*r**2 + 9*r + 3. Determine n(2).
225
Let m(x) = -36*x + 980. Determine m(27).
8
Let y(v) = -v**2 + 97*v - 124. What is y(96)?
-28
Let i(h) = -3*h**3 - 506*h**2 + 671*h - 1525. What is i(-170)?
5
Let t(a) = a**2 - 42*a - 41. Determine t(47).
194
Let c(f) = 99*f - 11. Give c(-2).
-209
Let i(g) = 21*g**2 + 1484*g + 976. Calculate i(-70).
-4
Let l(z) = z**3 + 51*z**2 - 2777*z - 419. What is l(-84)?
1
Let w(h) = 3*h**3 - 268*h**2 - 183*h + 302. Determine w(90).
32
Let g(d) = -d**3 - 4*d**2 - 28*d - 648. Give g(-9).
9
Let g(r) = -230*r + 26673. Calculate g(116).
-7
Let y(h) = -172*h + 393. Give y(2).
49
Let f(d) = 2*d**3 + d**2 + 11*d + 30. Give f(-2).
-4
Let n(g) = g**3 + 30*g**2 - 107*g - 238. Determine n(-33).
26
Let o(i) = 199*i + 59. Determine o(3).
656
Let f(d) = -d**3 + 11*d**2 + 29*d - 33. What is f(12)?
171
Let h(z) = z**3 - 5*z**2 + 14*z + 1. Determine h(10).
641
Let c(s) = 84*s + 1189. What is c(-13)?
97
Let t(w) = 26*w + 2139. Give t(-76).
163
Let p(a) = -a**2 + 1939*a + 25371. What is p(-13)?
-5
Let m(r) = -2887*r - 5779. Calculate m(-2).
-5
Let r(a) = -2*a**2 + 644*a + 24998. What is r(-35)?
8
Let d(a) = 109*a + 1747. Calculate d(-15).
112
Let m(k) = k**3 - 58*k**2 + 15*k - 275. Calculate m(58).
595
Let w(s) = 5*s**3 - 11*s**2 + 19*s + 6. What is w(3)?
99
Let a(q) = -q**2 - 59*q - 987. What is a(-40)?
-227
Let w(b) = b**3 - 5*b**2 - 149*b + 29. What is w(-10)?
19
Let a(x) = 4*x**2 - 76*x + 9. Calculate a(19).
9
Let x(v) = -12*v**3 - 4*v**2 - 3*v - 2. Give x(-1).
9
Let o(s) = -49*s**2 - 6*s + 4. Determine o(2).
-204
Let v(p) = -132*p + 1192. Give v(9).
4
Let b(v) = -269*v - 28250. Calculate b(-105).
-5
Let h(a) = -6591*a + 52703. Give h(8).
-25
Let l(n) = 20*n**2 - 12*n - 6. What is l(3)?
138
Let y(d) = 1047*d - 3167. Determine y(3).
-26
Let f(o) = 3*o**2 - 3*o - 17. Give f(4).
19
Let i(z) = 6*z**2 + 130*z - 20. Calculate i(-22).
24
Let w(b) = 255*b + 2154. Give w(-8).
114
Let p(z) = -4*z**3 - 7*z**2 - 4*z - 13. Give p(-3).
44
Let i(z) = -8*z**2 - 5*z + 15. Give i(5).
-210
Let g(i) = i**2 - 17. Give g(-7).
32
Let v(k) = 2*k**2 + 67*k + 223. Give v(-29).
-38
Let o(z) = 4*z + 1. What is o(7)?
29
Let b(g) = 2*g**3 - 93*g**2 + 42*g + 348. Determine b(46).
164
Let y(b) = 5*b + 114. What is y(-20)?
14
Let p(o) = -317*o - 1260. Calculate p(-4).
8
Let g(n) = 514*n + 61165. Give g(-119).
-1
Let o(g) = -g**2 + 69*g - 138. Calculate o(2).
-4
Let d(y) = -y**3 + 33*y**2 + 23*y + 386. Give d(34).
12
Let f(m) = 24*m**3 + 839*m**2 - 44*m - 314. What is f(-35)?
1
Let k(d) = -3*d**3 - 20*d**2 + 77*d + 2. Determine k(3).
-28
Let s(z) = -5*z + 144. Calculate s(37).
-41
Let v(x) = 5*x**3 + 17*x**2 - 10*x - 2. Determine v(-4).
-10
Let d(j) = 4*j**2 - 208*j + 762. Determine d(48).
-6
Let o(r) = 2*r**2 + 2*r + 11. Calculate o(3).
35
Let j(p) = -151*p - 10274. What is j(-68)?
-6
Let p(w) = 72*w - 17. Calculate p(-4).
-305
Let m(u) = -u**3 - 38*u**2 + 3*u + 87. What is m(-38)?
-27
Let u(t) = -t**3 + 13*t**2 + 10*t + 59. Calculate u(14).
3
Let m(y) = 14*y**2 + 17*y - 59. Calculate m(4).
233
Let w(o) = -o**3 - 6*o**2 - 13*o + 5. Calculate w(-7).
145
Let g(w) = -37*w - 1055. Calculate g(-28).
-19
Let c(v) = 3*v**3 + 28*v**2 - 5*v + 10. Determine c(-10).
-140
Let k(z) = 118*z + 480. What is k(-4)?
8
Let b(r) = 33*r - 85. Give b(-3).
-184
Let u(n) = n**3 - 33*n**2 + 3*n - 107. Give u(33).
-8
Let s(i) = 716*i - 4280. Calculate s(6).
16
Let w(q) = -3*q**2 + 63*q - 83. Determine w(20).
-23
Let g(r) = -22*r + 600. Give g(30).
-60
Let p(c) = -2*c**3 - 12*c**2 - 19*c - 21. What is p(-4)?
-9
Let f(q) = 9*q**2 - 944*q + 6879. What is f(97)?
-8
Let t(d) = -d**3 - 34*d**2 + 109*d + 154. Determine t(-37).
228
Let m(z) = -z**2 + 19*z - 106. Calculate m(12).
-22
Let r(c) = 2*c**3 - 6*c**2 - 38*c - 7. Determine r(6).
-19
Let z(x) = -4*x**3 + 24*x**2 - x + 3. What is z(6)?
-3
Let m(q) = -8*q**2 + 238*q + 487. What is m(-2)?
-21
Let n(f) = -2*f**3 + 11*f**2 + 4*f - 10. Give n(-4).
278
Let j(b) = 142*b + 27. What is j(-3)?
-399
Let l(o) = -o**2 + 201*o + 2583. Calculate l(-12).
27
Let f(u) = 102*u**3 + u**2 + 9*u - 11. Determine f(1).
101
Let q(s) = -267*s - 8003. Give q(-30).
7
Let i(w) = 1170*w - 18693. Calculate i(16).
27
Let a(i) = -3156*i - 3156. Calculate a(-1).
0
Let f(p) = -p**3 - 9*p**2 + 63*p + 583. What is f(-8)?
15
Let j(g) = g**3 + 32*g**2 - 896*g - 74. What is j(18)?
-2
Let d(w) = -2130*w - 4311. Calculate d(-2).
-51
Let x(j) = j**2 - 17*j - 438. Calculate x(29).
-90
Let i(f) = 5*f**3 + 5*f**2 - 17*f + 56. Determine i(4).
388
Let z(b) = 26*b**2 + 253*b + 4. Give z(-10).
74
Let h(j) = j**2 + 1612*j - 62686. Give h(38).
14
Let n(l) = -l**2 + 464*l - 16584. Determine n(39).
-9
Let r(f) = -2*f**3 - 186*f**2 + 3*f + 268. Calculate r(-93).
-11
Let s(c) = 202*c - 5025. Determine s(25).
25
Let f(d) = 2*d**3 - 17*d**2 - 30*d + 16. Give f(10).
16
Let k(h) = 3*h**2 + 4*h - 59. What is k(-5)?
-4
Let a(l) = 26*l - 45. Give a(8).
163
Let r(g) = -7*g**2 + 12*g - 9. Give r(2).
-13
Let w(h) = 6*h**2 - 18*h - 42. Calculate w(5).
18
Let x(a) = 21*a + 1884. Calculate x(-90).
-6
Let f(i) = -56*i + 1022. What is f(18)?
14
Let z(w) = -3*w**2 - 42*w + 93. Calculate z(2).
-3
Let m(s) = s**3 - 48*s**2 - 62*s + 7076. Give m(46).
-8
Let j(w) = 40*w - 458. What is j(13)?
62
Let o(x) = x**3 - 2*x**2 - 2*x + 24. Give o(4).
48
Let c(l) = -2*l**2 + 21*l + 5. What is c(11)?
-6
Let z(m) = 12*m + 45. Calculate z(17).
249
Let f(b) = -2*b**3 - 20*b**2 + 135*b + 1227. Determine f(-7).
-12
Let x(s) = 23*s - 433. Determine x(17).
-42
Let k(f) = -92*f - 906. Give k(-10).
14
Let h(q) = 17*q**3 + 102*q**2 - 3*q - 23. What is h(-6)?
-5
Let s(m) = 2*m**3 + 5*m**2 - 67*m - 241. Give s(-3).
-49
Let p(j) = 4*j**3 - 2*j + 1. What is p(1)?
3
Let t(u) = -51*u - 647. What is t(-11)?
-86
Let q(s) = 2*s - 89. Give q(43).
-3
Let k(i) = -772*i + 118126. Give k(153).
10
Let n(y) = y**3 - 4*y**2 - 4*y + 15. Calculate n(7).
134
Let y(t) = -3*t**2 - 890*t - 889. What is y(-1)?
-2
Let v(i) = 2*i**2 + 35*i - 607. Calculate v(11).
20
Let n(m) = 22*m**2 - 626*m + 304. Calculate n(28).
24
Let w(x) = 376*x - 17680. What is w(47)?
-8
Let r(q) = 234*q + 1412. Determine r(-6).
8
Let v(j) = -7*j - 268. Give v(14).
-366
Let o(x) = x**2 - 141*x + 1179. What is o(9)?
-9
Let f(z) = 4439*z + 17722. Give f(-4).
-34
Let v(g) = 36*g**2 + 6232*g + 684. Calculate v(-173).
-8
Let u(f) = -15*f + 247. What is u(41)?
-368
Let j(a) = -20*a - 92. What is j(-5)?
8
Let j(k) = 37*k**3 + 9*k**2 - 2*k - 1. What is j(-1)?
-27
Let m(h) = -h**3 + 81*h**2 + 173*h - 784. Determine m(83).
-203
Let m(c) = -18*c + 391. Give m(23).
-23
Let d(t) = 3*t**3 + 263*t**2 - 89*t - 37. Determine d(-88).
51
Let d(x) = -14*x**2 - 7*x + 14. Determine d(3).
-133
Let i(m) = 104*m**3 - m**2 + 16*m + 18. What is i(-1)?
-103
Let k(m) = 11581*m + 34722. Determine k(-3).
-21
Let c(l) = -8*l**3 + 27*l**2 - 1. Calculate c(3).
26
Let n(i) = -i**3 + 13*i**2 - 79*i + 1027. Calculate n(13).
0
Let a(k) = -k**3 - 5*k**2 + 3*k - 29. What is a(-6)?
-11
Let q(n) = n**3 + 7*n**2 + 341*n + 1982. What is q(-6)?
-28
Let x(q) = -33*q + 2518. What is x(88)?
-386
Let h(g) = 28*g - 155. Calculate h(11).
153
Let y(j) = j**3 - 9*j**2 + 150*j - 1346. Give y(9).
4
Let d(x) = 933*x - 937. Determine d(1).
-4
Let j(n) = n**2 + 7*n + 7. Determine j(-11).
51
Let c(r) = -2*r**3 - r**2 + 3*r - 41. Calculate c(-5).
169
Let